{"id":864,"date":"2022-10-18T12:03:48","date_gmt":"2022-10-18T10:03:48","guid":{"rendered":"https:\/\/entreprendrexxl.be\/fr\/?page_id=864"},"modified":"2022-10-18T15:39:06","modified_gmt":"2022-10-18T13:39:06","slug":"w83local-test-shop","status":"publish","type":"page","link":"https:\/\/entreprendrexxl.be\/fr\/w83local-test-shop\/","title":{"rendered":"W83 \u00b7 Local Test Shop"},"content":{"rendered":"<p>[vc_row][vc_column][vc_column_text]<\/p>\n<h1 class=\"entry-title\"><\/h1>\n<h1 class=\"entry-title\" style=\"text-align: center;\"><strong>Appel \u00e0 candidatures : W83 \u00b7 Local Test Shop<\/strong><\/h1>\n<h2 style=\"text-align: center;\">Saison 2022<\/h2>\n<p><img loading=\"lazy\" decoding=\"async\" class=\"wp-image-986 aligncenter\" src=\"https:\/\/entreprendrexxl.be\/wp-content\/uploads\/2022\/01\/banniere-FB-2-300x169.png\" alt=\"\" width=\"417\" height=\"235\" srcset=\"https:\/\/entreprendrexxl.be\/wp-content\/uploads\/2022\/01\/banniere-FB-2-300x169.png 300w, https:\/\/entreprendrexxl.be\/wp-content\/uploads\/2022\/01\/banniere-FB-2-1024x577.png 1024w, https:\/\/entreprendrexxl.be\/wp-content\/uploads\/2022\/01\/banniere-FB-2-768x433.png 768w, https:\/\/entreprendrexxl.be\/wp-content\/uploads\/2022\/01\/banniere-FB-2-1536x865.png 1536w, https:\/\/entreprendrexxl.be\/wp-content\/uploads\/2022\/01\/banniere-FB-2-696x392.png 696w, https:\/\/entreprendrexxl.be\/wp-content\/uploads\/2022\/01\/banniere-FB-2-1068x602.png 1068w, https:\/\/entreprendrexxl.be\/wp-content\/uploads\/2022\/01\/banniere-FB-2-745x420.png 745w, https:\/\/entreprendrexxl.be\/wp-content\/uploads\/2022\/01\/banniere-FB-2.png 1640w\" sizes=\"auto, (max-width: 417px) 100vw, 417px\" \/><\/p>\n<p><strong>L&rsquo;appel \u00e0 candidatures<\/strong>, pour la saison 2022, pour le <strong>projet W83 \u2022 Local Test Shop<\/strong> est officiellement ouvert du <strong>15 f\u00e9vrier au 15 mars 2022.<\/strong><\/p>\n<p><strong><u>Qu\u2019est-ce que le <\/u><\/strong><strong><u>W83 \u00b7 Local Test Shop\u00a0?<\/u><\/strong><\/p>\n<p>Situ\u00e9 au n\u00b0 83 de la chauss\u00e9e de Wavre, le projet W83 \u2022 Local Test Shop est une initiative de la cellule Commerce &#038; D\u00e9veloppement \u00e9conomique de la commune d\u2019Ixelles via son ASBL Entreprendre XXL.<\/p>\n<p>Le projet a pour vocation de promouvoir, soutenir et accompagner le d\u00e9veloppement \u00e9conomique \u00e0 Ixelles, singuli\u00e8rement les porteuses et porteurs de projet s\u2019inscrivant dans une d\u00e9marche de d\u00e9veloppement durable et d\u2019\u00e9conomie circulaire.<\/p>\n<p>Concr\u00e8tement, le projet consiste en la mise \u00e0 disposition de porteuses\u00b7eurs de projets commerciaux, qui aimeraient tester leurs concepts, leurs produits, d\u2019un local commercial totalement am\u00e9nag\u00e9. Les candidat\u00b7e\u00b7s install\u00e9\u00b7e\u00b7s au sein du Local Test Shop auront acc\u00e8s \u00e0 toute l\u2019infrastructure n\u00e9cessaire \u00e0 la tenue d\u2019un commerce physique :<\/p>\n<ul>\n<li>un espace de vente commercial c\u00f4t\u00e9 rue, d\u2019environ 21m\u00b2, am\u00e9nag\u00e9 avec du mobilier modulable qui pourra s\u2019adapter \u00e0 diff\u00e9rents types de produits, pour les mettre en valeur au mieux ;<\/li>\n<li>un espace bureau\/atelier c\u00f4t\u00e9 cour, d\u2019environ 9m\u00b2 ;<\/li>\n<li>un espace de stockage au sous-sol, d\u2019environ 20m\u00b2 ;<\/li>\n<li>une connexion internet ;<\/li>\n<li>un petit jardin ;<\/li>\n<li>\u2026<\/li>\n<\/ul>\n<p><strong><u>Quelle est la diff\u00e9rence avec un local commercial classique\u00a0?<\/u><\/strong><\/p>\n<p>Le Test Shop fonctionne comme un laboratoire et doit permettre aux entrepreneuses et entrepreneurs de tester leur produit\/projet durable\/circulaire dans un local commercial am\u00e9nag\u00e9, en vue de se lancer, \u00e0 terme, dans le circuit \u00e9conomique ixellois\/bruxellois.<\/p>\n<p>Par ailleurs, les candidat\u00b7e\u00b7s install\u00e9\u00b7e\u00b7s b\u00e9n\u00e9ficieront d\u2019un accompagnement personnalis\u00e9 pour le d\u00e9veloppement de leur projet afin de maximiser leur chance de r\u00e9ussite. Cet accompagnement est destin\u00e9 \u00e0 aider les porteurs\u00b7euses de projet dans leurs d\u00e9marches administratives, les conseiller dans leur orientation commerciale ou encore dans leur campagne marketing.<\/p>\n<p>Le W83 \u2022 Local Test Shop est bien plus qu\u2019un local commercial am\u00e9nag\u00e9, il s\u2019agit d\u2019un projet visant \u00e0 accompagner les entrepreneurs\u00b7euses ayant un projet commercial durant leur processus d\u2019autonomisation. L\u2019objectif est de d\u00e9velopper une approche globale et int\u00e9gr\u00e9e pour soutenir l\u2019installation professionnelle de jeunes projets commerciaux se d\u00e9veloppant dans une logique d\u2019\u00e9conomie durable et circulaire.<\/p>\n<p><strong><u>Qui peut d\u00e9poser un dossier\u00a0?<\/u><\/strong><\/p>\n<p>Le <strong>W83 \u2022 Local Test Shop<\/strong> accueille en priorit\u00e9 des porteuses et porteurs de projets qui d\u00e9veloppent des projets commerciaux durables, en \u00e9conomie circulaire et qui souhaitent \u00e0 termes poursuivre la vente \u00e0 Ixelles ou Bruxelles.<\/p>\n<p><strong><u>Quelle est la dur\u00e9e de l\u2019h\u00e9bergement\u00a0?<\/u><\/strong><\/p>\n<p>L\u2019id\u00e9e est d\u2019avoir une\u00a0<strong>rotation<\/strong>\u00a0au sein du Local Test Shop afin que les projets plus matures laissent la place \u00e0 de nouveaux concepts. Les candidat\u00b7e\u00b7s install\u00e9\u00b7e\u00b7s doivent donc se pr\u00e9parer \u00e0 d\u00e9m\u00e9nager au terme de maximum 6 mois d\u2019occupation.<\/p>\n<p><strong><u>Combien cela coute\u00a0?<\/u><\/strong><\/p>\n<p>L\u2019installation dans le Test Shop est\u00a0<strong>gratuite<\/strong>\u00a0mais les candidat\u00b7e\u00b7s devront toutefois\u00a0<strong>participer aux frais li\u00e9s aux<\/strong>\u00a0<strong>charges<\/strong>\u00a0de l\u2019occupation, qui s\u2019\u00e9l\u00e8vent \u00e0 250 \u20ac\/mois.<\/p>\n<p><strong><u>Quelles sont les dates \u00e0 retenir\u00a0?<\/u><\/strong><\/p>\n<p>Les potentiel\u00b7le\u00b7s candidat\u00b7e\u00b7s peuvent soumettre leur candidature du 15 f\u00e9vrier au 15 mars 2022, en compl\u00e9tant le [<a href=\"https:\/\/entreprendrexxl.be\/wp-content\/uploads\/2022\/02\/formulaire-de-candidature-2022.pdf\">Dossier de candidature<\/a>] et en acceptant le [<a href=\"https:\/\/entreprendrexxl.be\/wp-content\/uploads\/2022\/02\/W83-\u00b7-Local-Test-Shop-Re\u0300glement-de-lappel-a\u0300-candidature-.pdf\">R\u00e8glement de l&rsquo;appel \u00e0 candidature<\/a>] et la [<a href=\"https:\/\/entreprendrexxl.be\/wp-content\/uploads\/2022\/02\/W83-\u00b7-Local-Test-Shop-Charte_FR.pdf\">Charte<\/a>]. Un jury sera organis\u00e9 la semaine du 28 mars, afin de s\u00e9lectionner les laur\u00e9at\u00b7e\u00b7s pour la saison 2022. Les candidat\u00b7e\u00b7s dont les dossiers de candidature sont recevables seront invit\u00e9\u00b7e\u00b7s \u00e0 venir d\u00e9fendre leur projet devant le jury pendant 10 minutes (5 min de pitch et 5 min de Questions\/R\u00e9ponses).<\/p>\n<p><u>Que doit contenir mon dossier\u00a0?<\/u><\/p>\n<p>Un dossier complet comprend\u00a0:<\/p>\n<ul>\n<li>Le r\u00e8glement de l\u2019appel \u00e0 candidature dat\u00e9 et sign\u00e9<\/li>\n<li>Le formulaire de candidature compl\u00e9t\u00e9<\/li>\n<li>La charte sign\u00e9e<\/li>\n<li>Les \u00e9ventuelles annexes<\/li>\n<\/ul>\n<p>Une visite est vivement recommand\u00e9e avant la remise du dossier, celles-ci sont pr\u00e9vues les <strong>22 et 28 f\u00e9vrier 2022<\/strong>, <a href=\"https:\/\/form.123formbuilder.com\/6082721\/visite-w-83-local-test-shop\">une inscription<\/a> pr\u00e9alable est indispensable.<\/p>\n<p><u>A qui m\u2019adresser\u00a0? <\/u><\/p>\n<p>Le projet W83 \u00b7 Local Test Shop est <strong>une initiative de la cellule Commerce &#038; D\u00e9veloppement \u00e9conomique de la commune d\u2019Ixelles<\/strong> via son ASBL Entreprendre XXL.<\/p>\n<p><strong>Plus d\u2019informations<\/strong>\u00a0aupr\u00e8s de la coordinatrice du projet\u00a0:<\/p>\n<p>Marie Mulligan \u2013\u00a0<a href=\"mailto:xxl.entreprendre@ixelles.brussels\">xxl.entreprendre@ixelles.brussels<\/a>\u00a0\u2013 0490 52 24 17 \u2013\u00a0<a href=\"http:\/\/w83.be\/\">http:\/\/w83.be\/<\/a><\/p>\n<p><a href=\"https:\/\/www.facebook.com\/W83LocalTestShop\/?modal=admin_todo_tour\"><img loading=\"lazy\" decoding=\"async\" class=\"alignnone wp-image-663 td-animation-stack-type0-2\" src=\"https:\/\/entreprendrexxl.be\/wp-content\/uploads\/2019\/12\/fb-logo-e1578315547901-300x298.jpg\" sizes=\"auto, (max-width: 72px) 100vw, 72px\" srcset=\"https:\/\/entreprendrexxl.be\/wp-content\/uploads\/2019\/12\/fb-logo-e1578315547901-300x298.jpg 300w, https:\/\/entreprendrexxl.be\/wp-content\/uploads\/2019\/12\/fb-logo-e1578315547901-150x150.jpg 150w, https:\/\/entreprendrexxl.be\/wp-content\/uploads\/2019\/12\/fb-logo-e1578315547901-768x763.jpg 768w, https:\/\/entreprendrexxl.be\/wp-content\/uploads\/2019\/12\/fb-logo-e1578315547901-696x692.jpg 696w, https:\/\/entreprendrexxl.be\/wp-content\/uploads\/2019\/12\/fb-logo-e1578315547901-423x420.jpg 423w, https:\/\/entreprendrexxl.be\/wp-content\/uploads\/2019\/12\/fb-logo-e1578315547901.jpg 958w\" alt=\"\" width=\"72\" height=\"71\" \/><\/a>\u00a0 \u00a0 \u00a0 \u00a0 \u00a0 \u00a0 \u00a0 \u00a0\u00a0<a href=\"http:\/\/w83.be\/\"><img loading=\"lazy\" decoding=\"async\" class=\"alignnone wp-image-755 td-animation-stack-type0-2\" src=\"https:\/\/entreprendrexxl.be\/wp-content\/uploads\/2020\/09\/Logo_W83@4x-300x182.png\" sizes=\"auto, (max-width: 105px) 100vw, 105px\" srcset=\"https:\/\/entreprendrexxl.be\/wp-content\/uploads\/2020\/09\/Logo_W83@4x-300x182.png 300w, https:\/\/entreprendrexxl.be\/wp-content\/uploads\/2020\/09\/Logo_W83@4x.png 568w\" alt=\"\" width=\"105\" height=\"63\" \/><\/a><\/p>\n<p><em>En collaboration avec<\/em>\u00a0\u00a0<a href=\"https:\/\/hub.brussels\/fr\/\"><img loading=\"lazy\" decoding=\"async\" class=\"alignnone wp-image-675 td-animation-stack-type0-2\" src=\"https:\/\/entreprendrexxl.be\/wp-content\/uploads\/2019\/12\/HUB_brussels_FB-e1578315310288-300x130.jpg\" sizes=\"auto, (max-width: 152px) 100vw, 152px\" srcset=\"https:\/\/entreprendrexxl.be\/wp-content\/uploads\/2019\/12\/HUB_brussels_FB-e1578315310288-300x130.jpg 300w, https:\/\/entreprendrexxl.be\/wp-content\/uploads\/2019\/12\/HUB_brussels_FB-e1578315310288-768x334.jpg 768w, https:\/\/entreprendrexxl.be\/wp-content\/uploads\/2019\/12\/HUB_brussels_FB-e1578315310288-696x302.jpg 696w, https:\/\/entreprendrexxl.be\/wp-content\/uploads\/2019\/12\/HUB_brussels_FB-e1578315310288.jpg 801w\" alt=\"\" width=\"152\" height=\"66\" \/><\/a>[\/vc_column_text][\/vc_column][\/vc_row]<\/p>\n","protected":false},"excerpt":{"rendered":"<p>[vc_row][vc_column][vc_column_text] Appel \u00e0 candidatures : W83 \u00b7 Local Test Shop Saison 2022 L&rsquo;appel \u00e0 candidatures, pour la saison 2022, pour le projet W83 \u2022 Local Test Shop est officiellement ouvert du 15 f\u00e9vrier au 15 mars 2022. Qu\u2019est-ce que le W83 \u00b7 Local Test Shop\u00a0? Situ\u00e9 au n\u00b0 83 de la chauss\u00e9e de Wavre, le [&hellip;]<\/p>\n","protected":false},"author":1,"featured_media":755,"parent":0,"menu_order":0,"comment_status":"closed","ping_status":"closed","template":"","meta":{"footnotes":""},"class_list":["post-864","page","type-page","status-publish","has-post-thumbnail","hentry"],"_links":{"self":[{"href":"https:\/\/entreprendrexxl.be\/fr\/wp-json\/wp\/v2\/pages\/864","targetHints":{"allow":["GET"]}}],"collection":[{"href":"https:\/\/entreprendrexxl.be\/fr\/wp-json\/wp\/v2\/pages"}],"about":[{"href":"https:\/\/entreprendrexxl.be\/fr\/wp-json\/wp\/v2\/types\/page"}],"author":[{"embeddable":true,"href":"https:\/\/entreprendrexxl.be\/fr\/wp-json\/wp\/v2\/users\/1"}],"replies":[{"embeddable":true,"href":"https:\/\/entreprendrexxl.be\/fr\/wp-json\/wp\/v2\/comments?post=864"}],"version-history":[{"count":15,"href":"https:\/\/entreprendrexxl.be\/fr\/wp-json\/wp\/v2\/pages\/864\/revisions"}],"predecessor-version":[{"id":987,"href":"https:\/\/entreprendrexxl.be\/fr\/wp-json\/wp\/v2\/pages\/864\/revisions\/987"}],"wp:featuredmedia":[{"embeddable":true,"href":"https:\/\/entreprendrexxl.be\/fr\/wp-json\/wp\/v2\/media\/755"}],"wp:attachment":[{"href":"https:\/\/entreprendrexxl.be\/fr\/wp-json\/wp\/v2\/media?parent=864"}],"curies":[{"name":"wp","href":"https:\/\/api.w.org\/{rel}","templated":true}]}}

<p>[vc_row][vc_column][vc_column_text]</p>
<h1 class="entry-title"></h1>
<h1 class="entry-title" style="text-align: center;"><strong>Appel à candidatures : W83 · Local Test Shop</strong></h1>
<h2 style="text-align: center;">Saison 2022</h2>
<p><img loading="lazy" decoding="async" class="wp-image-986 aligncenter" src="https://entreprendrexxl.be/wp-content/uploads/2022/01/banniere-FB-2-300x169.png" alt="" width="417" height="235" srcset="https://entreprendrexxl.be/wp-content/uploads/2022/01/banniere-FB-2-300x169.png 300w, https://entreprendrexxl.be/wp-content/uploads/2022/01/banniere-FB-2-1024x577.png 1024w, https://entreprendrexxl.be/wp-content/uploads/2022/01/banniere-FB-2-768x433.png 768w, https://entreprendrexxl.be/wp-content/uploads/2022/01/banniere-FB-2-1536x865.png 1536w, https://entreprendrexxl.be/wp-content/uploads/2022/01/banniere-FB-2-696x392.png 696w, https://entreprendrexxl.be/wp-content/uploads/2022/01/banniere-FB-2-1068x602.png 1068w, https://entreprendrexxl.be/wp-content/uploads/2022/01/banniere-FB-2-745x420.png 745w, https://entreprendrexxl.be/wp-content/uploads/2022/01/banniere-FB-2.png 1640w" sizes="auto, (max-width: 417px) 100vw, 417px" /></p>
<p><strong>L&rsquo;appel à candidatures</strong>, pour la saison 2022, pour le <strong>projet W83 • Local Test Shop</strong> est officiellement ouvert du <strong>15 février au 15 mars 2022.</strong></p>
<p><strong><u>Qu’est-ce que le </u></strong><strong><u>W83 · Local Test Shop ?</u></strong></p>
<p>Situé au n° 83 de la chaussée de Wavre, le projet W83 • Local Test Shop est une initiative de la cellule Commerce &#038; Développement économique de la commune d’Ixelles via son ASBL Entreprendre XXL.</p>
<p>Le projet a pour vocation de promouvoir, soutenir et accompagner le développement économique à Ixelles, singulièrement les porteuses et porteurs de projet s’inscrivant dans une démarche de développement durable et d’économie circulaire.</p>
<p>Concrètement, le projet consiste en la mise à disposition de porteuses·eurs de projets commerciaux, qui aimeraient tester leurs concepts, leurs produits, d’un local commercial totalement aménagé. Les candidat·e·s installé·e·s au sein du Local Test Shop auront accès à toute l’infrastructure nécessaire à la tenue d’un commerce physique :</p>
<ul>
<li>un espace de vente commercial côté rue, d’environ 21m², aménagé avec du mobilier modulable qui pourra s’adapter à différents types de produits, pour les mettre en valeur au mieux ;</li>
<li>un espace bureau/atelier côté cour, d’environ 9m² ;</li>
<li>un espace de stockage au sous-sol, d’environ 20m² ;</li>
<li>une connexion internet ;</li>
<li>un petit jardin ;</li>
<li>…</li>
</ul>
<p><strong><u>Quelle est la différence avec un local commercial classique ?</u></strong></p>
<p>Le Test Shop fonctionne comme un laboratoire et doit permettre aux entrepreneuses et entrepreneurs de tester leur produit/projet durable/circulaire dans un local commercial aménagé, en vue de se lancer, à terme, dans le circuit économique ixellois/bruxellois.</p>
<p>Par ailleurs, les candidat·e·s installé·e·s bénéficieront d’un accompagnement personnalisé pour le développement de leur projet afin de maximiser leur chance de réussite. Cet accompagnement est destiné à aider les porteurs·euses de projet dans leurs démarches administratives, les conseiller dans leur orientation commerciale ou encore dans leur campagne marketing.</p>
<p>Le W83 • Local Test Shop est bien plus qu’un local commercial aménagé, il s’agit d’un projet visant à accompagner les entrepreneurs·euses ayant un projet commercial durant leur processus d’autonomisation. L’objectif est de développer une approche globale et intégrée pour soutenir l’installation professionnelle de jeunes projets commerciaux se développant dans une logique d’économie durable et circulaire.</p>
<p><strong><u>Qui peut déposer un dossier ?</u></strong></p>
<p>Le <strong>W83 • Local Test Shop</strong> accueille en priorité des porteuses et porteurs de projets qui développent des projets commerciaux durables, en économie circulaire et qui souhaitent à termes poursuivre la vente à Ixelles ou Bruxelles.</p>
<p><strong><u>Quelle est la durée de l’hébergement ?</u></strong></p>
<p>L’idée est d’avoir une <strong>rotation</strong> au sein du Local Test Shop afin que les projets plus matures laissent la place à de nouveaux concepts. Les candidat·e·s installé·e·s doivent donc se préparer à déménager au terme de maximum 6 mois d’occupation.</p>
<p><strong><u>Combien cela coute ?</u></strong></p>
<p>L’installation dans le Test Shop est <strong>gratuite</strong> mais les candidat·e·s devront toutefois <strong>participer aux frais liés aux</strong> <strong>charges</strong> de l’occupation, qui s’élèvent à 250 €/mois.</p>
<p><strong><u>Quelles sont les dates à retenir ?</u></strong></p>
<p>Les potentiel·le·s candidat·e·s peuvent soumettre leur candidature du 15 février au 15 mars 2022, en complétant le [<a href="https://entreprendrexxl.be/wp-content/uploads/2022/02/formulaire-de-candidature-2022.pdf">Dossier de candidature</a>] et en acceptant le [<a href="https://entreprendrexxl.be/wp-content/uploads/2022/02/W83-·-Local-Test-Shop-Règlement-de-lappel-à-candidature-.pdf">Règlement de l&rsquo;appel à candidature</a>] et la [<a href="https://entreprendrexxl.be/wp-content/uploads/2022/02/W83-·-Local-Test-Shop-Charte_FR.pdf">Charte</a>]. Un jury sera organisé la semaine du 28 mars, afin de sélectionner les lauréat·e·s pour la saison 2022. Les candidat·e·s dont les dossiers de candidature sont recevables seront invité·e·s à venir défendre leur projet devant le jury pendant 10 minutes (5 min de pitch et 5 min de Questions/Réponses).</p>
<p><u>Que doit contenir mon dossier ?</u></p>
<p>Un dossier complet comprend :</p>
<ul>
<li>Le règlement de l’appel à candidature daté et signé</li>
<li>Le formulaire de candidature complété</li>
<li>La charte signée</li>
<li>Les éventuelles annexes</li>
</ul>
<p>Une visite est vivement recommandée avant la remise du dossier, celles-ci sont prévues les <strong>22 et 28 février 2022</strong>, <a href="https://form.123formbuilder.com/6082721/visite-w-83-local-test-shop">une inscription</a> préalable est indispensable.</p>
<p><u>A qui m’adresser ? </u></p>
<p>Le projet W83 · Local Test Shop est <strong>une initiative de la cellule Commerce &#038; Développement économique de la commune d’Ixelles</strong> via son ASBL Entreprendre XXL.</p>
<p><strong>Plus d’informations</strong> auprès de la coordinatrice du projet :</p>
<p>Marie Mulligan – <a href="mailto:xxl.entreprendre@ixelles.brussels">xxl.entreprendre@ixelles.brussels</a> – 0490 52 24 17 – <a href="http://w83.be/">http://w83.be/</a></p>
<p><a href="https://www.facebook.com/W83LocalTestShop/?modal=admin_todo_tour"><img loading="lazy" decoding="async" class="alignnone wp-image-663 td-animation-stack-type0-2" src="https://entreprendrexxl.be/wp-content/uploads/2019/12/fb-logo-e1578315547901-300x298.jpg" sizes="auto, (max-width: 72px) 100vw, 72px" srcset="https://entreprendrexxl.be/wp-content/uploads/2019/12/fb-logo-e1578315547901-300x298.jpg 300w, https://entreprendrexxl.be/wp-content/uploads/2019/12/fb-logo-e1578315547901-150x150.jpg 150w, https://entreprendrexxl.be/wp-content/uploads/2019/12/fb-logo-e1578315547901-768x763.jpg 768w, https://entreprendrexxl.be/wp-content/uploads/2019/12/fb-logo-e1578315547901-696x692.jpg 696w, https://entreprendrexxl.be/wp-content/uploads/2019/12/fb-logo-e1578315547901-423x420.jpg 423w, https://entreprendrexxl.be/wp-content/uploads/2019/12/fb-logo-e1578315547901.jpg 958w" alt="" width="72" height="71" /></a>                <a href="http://w83.be/"><img loading="lazy" decoding="async" class="alignnone wp-image-755 td-animation-stack-type0-2" src="https://entreprendrexxl.be/wp-content/uploads/2020/09/Logo_W83@4x-300x182.png" sizes="auto, (max-width: 105px) 100vw, 105px" srcset="https://entreprendrexxl.be/wp-content/uploads/2020/09/Logo_W83@4x-300x182.png 300w, https://entreprendrexxl.be/wp-content/uploads/2020/09/Logo_W83@4x.png 568w" alt="" width="105" height="63" /></a></p>
<p><em>En collaboration avec</em>  <a href="https://hub.brussels/fr/"><img loading="lazy" decoding="async" class="alignnone wp-image-675 td-animation-stack-type0-2" src="https://entreprendrexxl.be/wp-content/uploads/2019/12/HUB_brussels_FB-e1578315310288-300x130.jpg" sizes="auto, (max-width: 152px) 100vw, 152px" srcset="https://entreprendrexxl.be/wp-content/uploads/2019/12/HUB_brussels_FB-e1578315310288-300x130.jpg 300w, https://entreprendrexxl.be/wp-content/uploads/2019/12/HUB_brussels_FB-e1578315310288-768x334.jpg 768w, https://entreprendrexxl.be/wp-content/uploads/2019/12/HUB_brussels_FB-e1578315310288-696x302.jpg 696w, https://entreprendrexxl.be/wp-content/uploads/2019/12/HUB_brussels_FB-e1578315310288.jpg 801w" alt="" width="152" height="66" /></a>[/vc_column_text][/vc_column][/vc_row]</p>

<p>[vc_row][vc_column][vc_column_text] Appel à candidatures : W83 · Local Test Shop Saison 2022 L&rsquo;appel à candidatures, pour la saison 2022, pour le projet W83 • Local Test Shop est officiellement ouvert du 15 février au 15 mars 2022. Qu’est-ce que le W83 · Local Test Shop ? Situé au n° 83 de la chaussée de Wavre, le [&hellip;]</p>
